- o. Let j be f(-4). Suppose x = 3*c - 1, 3*x - 17 = -0*x + 5*c. Calculate the greatest common factor of x and j.
14
Let t(k) = 5*k - 66. Let w be t(20). Calculate the greatest common divisor of 1 and w.
1
Let q(k) = 5 + 5*k**2 + 3 + 3*k - 7. Let a be q(1). Calculate the highest common divisor of a and 63.
9
Suppose y - i = -y - 1798, -i - 2 = 0. Suppose -5*p + 25 = 0, 6*b - b + 45 = 5*p. Let j be b/14 - y/63. Calculate the greatest common factor of j and 28.
14
Let s(w) = -72*w - 1. Let t be s(-2). Let a(u) = -u**3 + 8*u**2 + 12*u - 109. Let b be a(5). What is the highest common divisor of t and b?
13
Suppose 24 = 4*q - 7*h + 4*h, 17 = q + 2*h. Let p = q + 8. Let t = -71 + 122. What is the highest common divisor of t and p?
17
Let k be 636/30 + (-36)/(-45). Calculate the highest common divisor of 154 and k.
22
Let s be 160*8*(-3)/(-30). What is the highest common divisor of s and 24?
8
Suppose 0*v = -5*v. Let o be (-1 - v)/((-1)/88). What is the highest common divisor of o and 8?
8
Suppose d + 2*d = -6. Let h be (45 - (0 - d)) + -1. Let q be (150/(-40))/((-10)/112). Calculate the highest common divisor of h and q.
42
Let i(a) = -9*a - 213. Let j be i(-25). Let p(u) = 8*u**2 + u + 1. Let l be p(-1). Suppose 3*w + 60 = l*w. What is the highest common factor of w and j?
12
Let l = -16 - -44. Let w = 60 - l. What is the highest common divisor of w and 16?
16
Suppose 0 = 2*y + y - 15. Let f be -1 + 23 - (-1)/1. Suppose -a = q + 4*a + y, -2*q + a = -f. Calculate the highest common divisor of q and 2.
2
Suppose 0 = 3*l - 63 - 207. What is the highest common divisor of l and 54?
18
Suppose 15 = 5*n - 0*n. Suppose -r = 0, -n*h = 2*h - 3*r - 540. Suppose -33*t = -28*t - 60. What is the highest common factor of t and h?
12
Let j(a) = a**2 + 14*a - 42. Let p be j(-17). Suppose k + 3240 = p*k. Calculate the greatest common factor of k and 45.
45
Let h(j) = 2*j + j**3 - j + 0*j - 14*j**2 - 4. Suppose -4*b + 2*q + 57 = 3*q, -4*b + q + 55 = 0. Let y be h(b). What is the greatest common factor of y and 4?
2
Suppose 3*z + 2*z = -2*y + 33, -20 = -4*z. What is the greatest common divisor of 9 and y?
1
Suppose 93 = n - 24. Let q = 135 - n. Calculate the greatest common divisor of q and 18.
18
Let j be (-10)/(-4)*10/5. Suppose j*d - 25 + 5 = 0. Let k be ((-292)/365)/((-8)/(-10) + -1). What is the highest common divisor of k and d?
4
Suppose 3*m = 7*m + 24. Let j be (-36)/((3 - -1) + m). Calculate the greatest common factor of j and 3.
3
Let y be (-24)/36*(-2 - 112) + -6. Suppose 4*d - 2*d = -10. Let s(a) = a**2 + a - 6. Let m be s(d). What is the highest common factor of y and m?
14
Let q be (22/(-33))/(1/(-3)). Suppose l = -q*l + 21. What is the greatest common divisor of l and 1?
1
Suppose 2 = -u - 4*i, 5*u - 3*i + 15 = 97. Suppose 20*v - 25*v = 0. Suppose 0*q - 63 = -3*y - 4*q, 3*q = v. Calculate the highest common divisor of y and u.
7
Suppose 12*s - 65 = 7*s. Suppose 5*i - 8 = -2*h + 2*i, 0 = -h + 3*i + s. Calculate the greatest common divisor of h and 21.
7
Suppose 5*l - 92 = -17. What is the greatest common divisor of 1755 and l?
15
Let g be 1900/45 + ((-215)/(-45) - 5). Calculate the highest common divisor of 2856 and g.
42
Let h(m) = 2*m**2 + 10*m. Let s be h(7). What is the greatest common factor of 21 and s?
21
Let a = 37 - 27. Suppose -a*k + 48 = -6*k. What is the greatest common divisor of k and 24?
12
Let n(h) = 16*h**2 - 2*h. Let p be n(1). Suppose -5*b + p = -96. What is the greatest common factor of 2 and b?
2
Let j = 398 + -350. What is the highest common divisor of 108 and j?
12
Suppose 0*t + 8*t = 24. Suppose -11*h - t*h = -1330. What is the highest common factor of h and 38?
19
Suppose -12*h = -13*h - 7. Let p(d) = -d**2 + 3*d + 3. Let i be p(3). Let b = i - h. Calculate the greatest common divisor of 80 and b.
10
Let l(w) = 4*w**2 - 2*w + 4. Let p be l(2). What is the highest common factor of 56 and p?
8
Let f be (-3)/(-5) - 3*2/(-15). Suppose 2*b - f - 19 = 0. What is the highest common divisor of b and 2?
2
Let g(c) = c**3 + 7*c**2 + 5*c - 6. Let x be g(-6). Suppose -8*h = -x*h - 264. Calculate the greatest common divisor of h and 11.
11
Suppose 4*a - 37 = 7. Suppose -a*x = -1244 + 452. What is the highest common divisor of 120 and x?
24
Let u(a) = 18*a - 14. Let h be u(7). Suppose -c - 3*c = h. Let g = c + 44. What is the highest common divisor of g and 176?
16
Let z be 14 - 0*(4 + -3)*1. Suppose -8 = 2*p, 5*i - 3*p = -2*p + z. What is the greatest common divisor of i and 4?
2
Let m = -25 + 28. Suppose -2*b + 45 = b. What is the highest common divisor of m and b?
3
Suppose 34 = 7*t + 6. Suppose 0 = 2*a + 4, 3*x + t*a + 38 = 558. Calculate the highest common divisor of 22 and x.
22
Let a be 0 - (-7)/(7/(-60)). Let w be (a/25)/(1/(-110)). Let d = -12 + 36. What is the highest common divisor of d and w?
24
Suppose -3*m = -9*t + 10*t - 10, -t + 13 = 4*m. Let c be 1*-9*2/(-6). What is the greatest common factor of c and m?
3
Let i be (-2)/(-8) - 1411/(-68)*1. What is the highest common divisor of 12 and i?
3
Let h(u) = -u + 2. Let k be h(-6). Let z(m) = -4*m - 8. Let n(v) = v - 13. Let r be n(6). Let o be z(r). What is the greatest common divisor of k and o?
4
Let w = 1604 - 1314. Calculate the highest common divisor of w and 15.
5
Let y be 2*((-7)/(-21))/((-2)/9). Let p be (-53)/y - 2/(-6). Calculate the greatest common divisor of p and 72.
18
Suppose -2*o + 92 = -0*o. Suppose -35 - o = -9*a. What is the greatest common factor of 3 and a?
3
Suppose -9*b + 103 = -257. Let n = -6 + b. Calculate the highest common divisor of n and 85.
17
Suppose 64 = -0*o + o. Let g(s) be the first derivative of s**3/3 - 17*s**2/2 + 12*s + 6. Let y be g(21). Calculate the greatest common factor of y and o.
32
Suppose -4*y + 19 = 5*m, 5*m = 2*y + y + 12. Let q(l) = l**3 - l**2 + 2*l - 4. Let r be q(m). Calculate the highest common factor of 220 and r.
20
Let n(x) = -x**3 + 36*x**2 - 11*x - 304. Let h be n(35). Calculate the highest common divisor of h and 8.
8
Suppose 3*d - 605 = -5*a, -a = 2*d - 0*d - 415. Suppose 2*u + 3*x = 177, -3*u + 208 = -4*x - 32. Calculate the highest common divisor of u and d.
42
Suppose 2*y + 0*y = 8. Let t be y/(-8) + 158/4. Suppose 4*a = a + t. What is the highest common divisor of 104 and a?
13
Suppose -4*w + 5*o = w - 15, -w + 12 = -4*o. Suppose -11 = -u - w. Let j(s) = 23*s + 6. Let d be j(5). What is the highest common factor of u and d?
11
Let r(l) = 14*l + 42. Let a be r(-2). What is the greatest common factor of a and 35?
7
Let f(j) = -j**2 - 12*j + 6. Suppose 0 = -4*s + 52. Suppose 0 = 2*h - 5 + s, -2*h - 56 = 4*c. Let q be f(c). Calculate the highest common factor of 30 and q.
6
Let p be 4/(3 - (-2 - -4)). Suppose -2*l = -p*n - l + 716, 0 = -5*n - l + 886. Let i be (-6)/10 + n/5. What is the greatest common factor of 14 and i?
7
Let v(p) = 2*p - 3. Let r(y) = -10*y + 14. Let x(b) = 2*r(b) + 11*v(b). Let a be x(7). Calculate the greatest common divisor of 3 and a.
3
Let u be (-9)/(-3*1) + (144 - 87). Calculate the greatest common factor of 1230 and u.
30
Suppose 3*x + 11 = -5*b - 2, -4*x + 2*b = -26. Suppose -p - x = -2*p. Suppose -p*w + 145 = 1. Calculate the greatest common divisor of 4 and w.
4
Suppose -k = -5*z - 32 + 5, 4*k + 5*z - 58 = 0. Let d = k + -21. Let a be d + 3*(-95)/(-15). What is the highest common divisor of a and 15?
15
Let b be (-1)/2 + 69/2 + 1. Suppose -38*y + 27 = -b*y. What is the greatest common factor of y and 9?
9
Suppose 0 = 5*g - 4*c - 0 - 19, -5*g = -2*c - 17. What is the greatest common divisor of 100 and g?
1
Let u = -479 + 1557. What is the highest common factor of 22 and u?
22
Let v(a) = 32*a**3 - 3*a**2 + 3*a - 1. Let p be v(1). Suppose 30*c - p*c = -22. What is the greatest common divisor of c and 1?
1
Let s(f) = f**3 - 9*f**2 + 10*f - 13. Let l = -35 - -43. Let v be s(l). What is the greatest common factor of v and 9?
3
Suppose 4*o - 1 + 9 = 0. Let z be 30*1*o*(-3)/9. Let k = 13 + -8. Calculate the greatest common factor of k and z.
5
Suppose 9*d = 20*d - 275. What is the highest common factor of 65 and d?
5
Suppose -41 = -q + 5*f - 0*f, 4*f + 36 = q. Let u = 20 - q. Suppose 2*b = -2*s + 22, 2*b + s + u*s - 13 = 0. Calculate the highest common divisor of 42 and b.
14
Let m(q) = 6*q + 2